{"id":4561,"date":"2015-04-19T12:39:32","date_gmt":"2015-04-19T12:39:32","guid":{"rendered":"http:\/\/localhost:8888\/sfiuslocalsite\/?post_type=portfolio&#038;p=4561"},"modified":"2023-03-16T23:30:14","modified_gmt":"2023-03-16T22:30:14","slug":"neprimjereni-spomenici","status":"publish","type":"portfolio","link":"https:\/\/www.sfius.org\/en\/neprimjereni-spomenici\/","title":{"rendered":"NEPRIMJERENI SPOMENICI"},"content":{"rendered":"<div class=\"wp-block-image\">\n<figure class=\"alignright\"><img loading=\"lazy\" decoding=\"async\" width=\"300\" height=\"200\" src=\"http:\/\/www.inappropriatemonuments.org\/sfius\/wp-content\/uploads\/2015\/04\/projekt_neprimjereni_slika2_mala-300x200.jpg\" alt=\"projekt_neprimjereni_slika2_mala\" class=\"wp-image-94\" srcset=\"https:\/\/www.sfius.org\/wp-content\/uploads\/2015\/04\/projekt_neprimjereni_slika2_mala-300x200.jpg 300w, https:\/\/www.sfius.org\/wp-content\/uploads\/2015\/04\/projekt_neprimjereni_slika2_mala-225x150.jpg 225w, https:\/\/www.sfius.org\/wp-content\/uploads\/2015\/04\/projekt_neprimjereni_slika2_mala-150x100.jpg 150w, https:\/\/www.sfius.org\/wp-content\/uploads\/2015\/04\/projekt_neprimjereni_slika2_mala.jpg 800w\" sizes=\"auto, (max-width: 300px) 100vw, 300px\" \/><\/figure>\n<\/div>\n\n\n<p>Regionalna platforma Neprimjereni spomenici\/Inappropriate Monuments nastala je kako bi se uspostavio okvir za dugoro\u010dnu suradnju partnerskih organizacija iz dr\u017eava s podru\u010dja biv\u0161e Jugoslavije koje svojim radom problematiziraju pitanja revalorizacije i za\u0161tite spomeni\u010dke ba\u0161tine NOB-a. Platforma je namijenjena povezivanju institucija i nezavisnih organizacija, ja\u010danju njihovih kapaciteta i distribuciji rezultata istra\u017eivanja u svrhu zagovaranja ure\u0111ene me\u0111udr\u017eavne strategije prema ba\u0161tini NOB-e. U tu svrhu provodit \u0107e se aktivnosti istra\u017eivanja i mapiranja spomeni\u010dke ba\u0161tine, intervjuiranja osoba koje su bile nadle\u017ene za njihovo postavljanje i odr\u017eavanje, odr\u017eavanja radionica&nbsp;za studente i konferencije za stru\u010dnu javnost, izlo\u017ebe i umjetni\u010dke intervencije. Sredi\u0161nji dio rada platforme bit \u0107e razvijanje web-portala, on-line baze o djelovanju platforme i njezinih \u010dlanica.<\/p>\n\n\n\n<p>We view the monumental heritage of the National Liberation War as a product of complex economic and political processes of construction and disintegration of the SFRY. The meaning they communicate, as well as their memorial and aesthetic value, we also understand in close connection with the recent political past, ie inextricably linked to the processes of transition in the former Yugoslavia. This approach allows us a clear departure from the aestheticization of monuments, their fetishization as well as nostalgia for past times and is the basis for the revaluation and protection of this monumental heritage.<\/p>\n\n\n\n<p><\/p>\n\n\n\n<p><\/p>\n\n\n\n<p>Foto: Ratni spomenik Tjenti\u0161te u Bosni i Hercegovini &nbsp;<a rel=\"noreferrer noopener\" target=\"_blank\" href=\"https:\/\/www.flickr.com\/photos\/wrongwalker\/31762217080\">THIERRY FIGINI\/CC BY 2.0<\/a><\/p>","protected":false},"excerpt":{"rendered":"<p>Regionalna platforma Neprimjereni spomenici\/Inappropriate Monuments nastala je kako bi se uspostavio okvir za dugoro\u010dnu suradnju partnerskih organizacija iz dr\u017eava s podru\u010dja biv\u0161e Jugoslavije koje svojim radom problematiziraju pitanja revalorizacije i za\u0161tite spomeni\u010dke ba\u0161tine NOB-a. Platforma je namijenjena povezivanju institucija i nezavisnih organizacija, ja\u010danju njihovih kapaciteta i distribuciji rezultata istra\u017eivanja u svrhu zagovaranja ure\u0111ene me\u0111udr\u017eavne strategije&hellip;<\/p>","protected":false},"author":1,"featured_media":6657,"comment_status":"closed","ping_status":"closed","template":"","meta":{"_acf_changed":false,"footnotes":""},"portfolio_category":[105],"portfolio_tag":[],"class_list":["post-4561","portfolio","type-portfolio","status-publish","has-post-thumbnail","hentry","portfolio_category-projekti"],"acf":[],"_links":{"self":[{"href":"https:\/\/www.sfius.org\/en\/wp-json\/wp\/v2\/portfolio\/4561","targetHints":{"allow":["GET"]}}],"collection":[{"href":"https:\/\/www.sfius.org\/en\/wp-json\/wp\/v2\/portfolio"}],"about":[{"href":"https:\/\/www.sfius.org\/en\/wp-json\/wp\/v2\/types\/portfolio"}],"author":[{"embeddable":true,"href":"https:\/\/www.sfius.org\/en\/wp-json\/wp\/v2\/users\/1"}],"replies":[{"embeddable":true,"href":"https:\/\/www.sfius.org\/en\/wp-json\/wp\/v2\/comments?post=4561"}],"version-history":[{"count":0,"href":"https:\/\/www.sfius.org\/en\/wp-json\/wp\/v2\/portfolio\/4561\/revisions"}],"wp:featuredmedia":[{"embeddable":true,"href":"https:\/\/www.sfius.org\/en\/wp-json\/wp\/v2\/media\/6657"}],"wp:attachment":[{"href":"https:\/\/www.sfius.org\/en\/wp-json\/wp\/v2\/media?parent=4561"}],"wp:term":[{"taxonomy":"portfolio_category","embeddable":true,"href":"https:\/\/www.sfius.org\/en\/wp-json\/wp\/v2\/portfolio_category?post=4561"},{"taxonomy":"portfolio_tag","embeddable":true,"href":"https:\/\/www.sfius.org\/en\/wp-json\/wp\/v2\/portfolio_tag?post=4561"}],"curies":[{"name":"wp","href":"https:\/\/api.w.org\/{rel}","templated":true}]}}

<div class="wp-block-image">
<figure class="alignright"><img loading="lazy" decoding="async" width="300" height="200" src="http://www.inappropriatemonuments.org/sfius/wp-content/uploads/2015/04/projekt_neprimjereni_slika2_mala-300x200.jpg" alt="projekt_neprimjereni_slika2_mala" class="wp-image-94" srcset="https://www.sfius.org/wp-content/uploads/2015/04/projekt_neprimjereni_slika2_mala-300x200.jpg 300w, https://www.sfius.org/wp-content/uploads/2015/04/projekt_neprimjereni_slika2_mala-225x150.jpg 225w, https://www.sfius.org/wp-content/uploads/2015/04/projekt_neprimjereni_slika2_mala-150x100.jpg 150w, https://www.sfius.org/wp-content/uploads/2015/04/projekt_neprimjereni_slika2_mala.jpg 800w" sizes="auto, (max-width: 300px) 100vw, 300px" /></figure>
</div>


<p>Regionalna platforma Neprimjereni spomenici/Inappropriate Monuments nastala je kako bi se uspostavio okvir za dugoročnu suradnju partnerskih organizacija iz država s područja bivše Jugoslavije koje svojim radom problematiziraju pitanja revalorizacije i zaštite spomeničke baštine NOB-a. Platforma je namijenjena povezivanju institucija i nezavisnih organizacija, jačanju njihovih kapaciteta i distribuciji rezultata istraživanja u svrhu zagovaranja uređene međudržavne strategije prema baštini NOB-e. U tu svrhu provodit će se aktivnosti istraživanja i mapiranja spomeničke baštine, intervjuiranja osoba koje su bile nadležne za njihovo postavljanje i održavanje, održavanja radionica&nbsp;za studente i konferencije za stručnu javnost, izložbe i umjetničke intervencije. Središnji dio rada platforme bit će razvijanje web-portala, on-line baze o djelovanju platforme i njezinih članica.</p>



<p>We view the monumental heritage of the National Liberation War as a product of complex economic and political processes of construction and disintegration of the SFRY. The meaning they communicate, as well as their memorial and aesthetic value, we also understand in close connection with the recent political past, ie inextricably linked to the processes of transition in the former Yugoslavia. This approach allows us a clear departure from the aestheticization of monuments, their fetishization as well as nostalgia for past times and is the basis for the revaluation and protection of this monumental heritage.</p>



<p></p>



<p></p>



<p>Foto: Ratni spomenik Tjentište u Bosni i Hercegovini &nbsp;<a rel="noreferrer noopener" target="_blank" href="https://www.flickr.com/photos/wrongwalker/31762217080">THIERRY FIGINI/CC BY 2.0</a></p>

<p>Regionalna platforma Neprimjereni spomenici/Inappropriate Monuments nastala je kako bi se uspostavio okvir za dugoročnu suradnju partnerskih organizacija iz država s područja bivše Jugoslavije koje svojim radom problematiziraju pitanja revalorizacije i zaštite spomeničke baštine NOB-a. Platforma je namijenjena povezivanju institucija i nezavisnih organizacija, jačanju njihovih kapaciteta i distribuciji rezultata istraživanja u svrhu zagovaranja uređene međudržavne strategije&hellip;</p>
