{"id":4595,"date":"2016-04-19T13:58:01","date_gmt":"2016-04-19T13:58:01","guid":{"rendered":"http:\/\/localhost:8888\/sfiuslocalsite\/?post_type=portfolio&#038;p=4595"},"modified":"2023-03-16T23:35:03","modified_gmt":"2023-03-16T22:35:03","slug":"institucije-memorije","status":"publish","type":"portfolio","link":"https:\/\/www.sfius.org\/en\/institucije-memorije\/","title":{"rendered":"INSTITUTIONS OF MEMORY"},"content":{"rendered":"<pre class=\"wp-block-verse\">MEMORY INSTITUTIONS - a project that critically questions the purpose, role, and impact of memory institutions on society, through the analysis of ideology and the success and failure of the work of memory institutions in the countries of the former Yugoslavia. <\/pre>\n\n\n\n<p class=\"translation-block\">The project sets up a framework for high school students to critically examine the ideological, daily functioning of institutions of memory and their creation of historical narrative. The importance of memory institutions in the contemporary social and political context is demonstrated through their construction of collective memory and presentations of \u2018official history\u2019 which they use to occupy a crucial role in the symbolic center of the nation. The post-conflict and post-socialist context of Croatia contributed to enhancing intolerance, hatred, and misunderstanding towards memory of past polities, social and political governance organizations, and minority social groups. Influenced by the works of historian Pierre Nora, sociologist Maurice Halbwachs and anthropologist Paul Connerton we look at history and collective memory as one of the most important elements in the construction and homogenization of modern democratic communities and also in the negotiation of collective identities. Collective memory is established through the assumption that each social group develops the memory of its own past, it emphasizes the uniqueness of this community and achieves its own identity and image to be transmitted to future generations. Institutions of memory such as museums, archives, schools, or public service media are seen as places of gathering, storing, reinterpretation, and dissemination of public knowledge about past events and they are, as Pierre Nora would say, physical or imaginary spaces that can always be visited or re-visited in search of history and memory.<\/p>\n\n\n\n<p>Given the absence of courses that deal with these questions, IM forwards democratic constructions of memory by promoting inclusiveness and equality, as opposed to hegemonic, one-sided, and \u2018useful\u2019 narratives.<\/p>\n\n\n\n<div style=\"height:16px\" aria-hidden=\"true\" class=\"wp-block-spacer\"><\/div>\n\n\n\n<p class=\"translation-block\">The aim of the project is to <b>STRENGTHEN<\/b> high school students for active democratic participation, <b>EDUCATE<\/b> them about the multiple processes of constructing collective memory and history in post-conflict societies, and to <b>RAISE<\/b> awareness of marginalized social groups, collective forgetting and erasing their histories from dominant narratives.<\/p>\n\n\n\n<p>By connecting institutions and organizations the project develops a long-term and sustainable cooperation network between teachers, scientists, and other professionals who approach the education of youth about questions and problems of social memory in an engaged and critical way.\n<br><\/p>\n\n\n\n<div style=\"height:6px\" aria-hidden=\"true\" class=\"wp-block-spacer\"><\/div>\n\n\n\n<p>The project partners are the Miroslav Kraljevi\u0107 Gallery and the 10th Ivan Supek grammar school, with which a workshop on institutions of memory and architecture was held for the students of the school under the expert guidance of the members of the association.<\/p>\n\n\n\n<p><\/p>\n\n\n\n<p><strong>PARTNER<\/strong><\/p>\n\n\n\n<p><a href=\"http:\/\/www.g-mk.hr\/\" target=\"_blank\" rel=\"noreferrer noopener\">Gallery Miroslav Kraljevi\u0107 g-mk&nbsp;<\/a><\/p>\n\n\n\n<p><strong>FINANCIAL SUPPORT<\/strong><\/p>\n\n\n\n<p><a href=\"http:\/\/www.min-kulture.hr\/\" target=\"_blank\" rel=\"noreferrer noopener\">Ministry of Culture and Media<\/a><\/p>\n\n\n\n<p><a href=\"http:\/\/www.zagreb.hr\/default.aspx?id=826\" target=\"_blank\" rel=\"noreferrer noopener\">City of Zagreb - City Office for Education, Culture and Sports&nbsp;<\/a><\/p>","protected":false},"excerpt":{"rendered":"<p>INSTITUCIJE MEMORIJE \u2013&nbsp;projekt koji kriti\u010dki propituje svrhu, ulogu i utjecaj institucija memorije na dru\u0161tvo, kroz analizu ideologije te uspjeha i neuspjeha rada institucija memorije u dr\u017eavama biv\u0161e Jugoslavije. Projekt se u radu sa u\u010denicima srednjih \u0161kola bavi ideolo\u0161kim okvirom i svakodnevnim funkcioniranjem institucija memorije, kao i povijesnog narativa kojeg tvore. Va\u017enost institucija memorije u suvremenom&hellip;<\/p>","protected":false},"author":1,"featured_media":6663,"comment_status":"open","ping_status":"closed","template":"","meta":{"_acf_changed":false,"footnotes":""},"portfolio_category":[105],"portfolio_tag":[],"class_list":["post-4595","portfolio","type-portfolio","status-publish","has-post-thumbnail","hentry","portfolio_category-projekti"],"acf":[],"_links":{"self":[{"href":"https:\/\/www.sfius.org\/en\/wp-json\/wp\/v2\/portfolio\/4595","targetHints":{"allow":["GET"]}}],"collection":[{"href":"https:\/\/www.sfius.org\/en\/wp-json\/wp\/v2\/portfolio"}],"about":[{"href":"https:\/\/www.sfius.org\/en\/wp-json\/wp\/v2\/types\/portfolio"}],"author":[{"embeddable":true,"href":"https:\/\/www.sfius.org\/en\/wp-json\/wp\/v2\/users\/1"}],"replies":[{"embeddable":true,"href":"https:\/\/www.sfius.org\/en\/wp-json\/wp\/v2\/comments?post=4595"}],"version-history":[{"count":0,"href":"https:\/\/www.sfius.org\/en\/wp-json\/wp\/v2\/portfolio\/4595\/revisions"}],"wp:featuredmedia":[{"embeddable":true,"href":"https:\/\/www.sfius.org\/en\/wp-json\/wp\/v2\/media\/6663"}],"wp:attachment":[{"href":"https:\/\/www.sfius.org\/en\/wp-json\/wp\/v2\/media?parent=4595"}],"wp:term":[{"taxonomy":"portfolio_category","embeddable":true,"href":"https:\/\/www.sfius.org\/en\/wp-json\/wp\/v2\/portfolio_category?post=4595"},{"taxonomy":"portfolio_tag","embeddable":true,"href":"https:\/\/www.sfius.org\/en\/wp-json\/wp\/v2\/portfolio_tag?post=4595"}],"curies":[{"name":"wp","href":"https:\/\/api.w.org\/{rel}","templated":true}]}}

<pre class="wp-block-verse">MEMORY INSTITUTIONS - a project that critically questions the purpose, role, and impact of memory institutions on society, through the analysis of ideology and the success and failure of the work of memory institutions in the countries of the former Yugoslavia. </pre>



<p class="translation-block">The project sets up a framework for high school students to critically examine the ideological, daily functioning of institutions of memory and their creation of historical narrative. The importance of memory institutions in the contemporary social and political context is demonstrated through their construction of collective memory and presentations of ‘official history’ which they use to occupy a crucial role in the symbolic center of the nation. The post-conflict and post-socialist context of Croatia contributed to enhancing intolerance, hatred, and misunderstanding towards memory of past polities, social and political governance organizations, and minority social groups. Influenced by the works of historian Pierre Nora, sociologist Maurice Halbwachs and anthropologist Paul Connerton we look at history and collective memory as one of the most important elements in the construction and homogenization of modern democratic communities and also in the negotiation of collective identities. Collective memory is established through the assumption that each social group develops the memory of its own past, it emphasizes the uniqueness of this community and achieves its own identity and image to be transmitted to future generations. Institutions of memory such as museums, archives, schools, or public service media are seen as places of gathering, storing, reinterpretation, and dissemination of public knowledge about past events and they are, as Pierre Nora would say, physical or imaginary spaces that can always be visited or re-visited in search of history and memory.</p>



<p>Given the absence of courses that deal with these questions, IM forwards democratic constructions of memory by promoting inclusiveness and equality, as opposed to hegemonic, one-sided, and ‘useful’ narratives.</p>



<div style="height:16px" aria-hidden="true" class="wp-block-spacer"></div>



<p class="translation-block">The aim of the project is to <b>STRENGTHEN</b> high school students for active democratic participation, <b>EDUCATE</b> them about the multiple processes of constructing collective memory and history in post-conflict societies, and to <b>RAISE</b> awareness of marginalized social groups, collective forgetting and erasing their histories from dominant narratives.</p>



<p>By connecting institutions and organizations the project develops a long-term and sustainable cooperation network between teachers, scientists, and other professionals who approach the education of youth about questions and problems of social memory in an engaged and critical way.
<br></p>



<div style="height:6px" aria-hidden="true" class="wp-block-spacer"></div>



<p>The project partners are the Miroslav Kraljević Gallery and the 10th Ivan Supek grammar school, with which a workshop on institutions of memory and architecture was held for the students of the school under the expert guidance of the members of the association.</p>



<p></p>



<p><strong>PARTNER</strong></p>



<p><a href="http://www.g-mk.hr/" target="_blank" rel="noreferrer noopener">Gallery Miroslav Kraljević g-mk&nbsp;</a></p>



<p><strong>FINANCIAL SUPPORT</strong></p>



<p><a href="http://www.min-kulture.hr/" target="_blank" rel="noreferrer noopener">Ministry of Culture and Media</a></p>



<p><a href="http://www.zagreb.hr/default.aspx?id=826" target="_blank" rel="noreferrer noopener">City of Zagreb - City Office for Education, Culture and Sports&nbsp;</a></p>

<p>INSTITUCIJE MEMORIJE –&nbsp;projekt koji kritički propituje svrhu, ulogu i utjecaj institucija memorije na društvo, kroz analizu ideologije te uspjeha i neuspjeha rada institucija memorije u državama bivše Jugoslavije. Projekt se u radu sa učenicima srednjih škola bavi ideološkim okvirom i svakodnevnim funkcioniranjem institucija memorije, kao i povijesnog narativa kojeg tvore. Važnost institucija memorije u suvremenom&hellip;</p>
